{"id":1174,"date":"2018-08-12T23:34:28","date_gmt":"2018-08-12T21:34:28","guid":{"rendered":"http:\/\/www.interiuris.com\/blog\/?page_id=1174"},"modified":"2018-08-12T23:41:24","modified_gmt":"2018-08-12T21:41:24","slug":"contacto","status":"publish","type":"page","link":"https:\/\/www.interiuris.com\/blog\/contacto\/","title":{"rendered":"Contacto"},"content":{"rendered":"<p>Estar\u00e9 encantado de hablar contigo, pero debes tener en cuenta que no resuelvo dudas ni cuestiones que puedan tener una implicaci\u00f3n jur\u00ed\u00addica, comercial o un impacto profesional o personal de cualquier tipo. Adem\u00e1s, no doy respuestas sobre preguntas de ex\u00e1menes, trabajos de fin de grado o m\u00e1ster, ni env\u00ed\u00ado \u00abcontratos tipo\u00bb.<\/p>\n<p>Para cualquier otra cosa (profesional, acad\u00e9mica, etc.) puedes ponerte en contacto conmigo llamando al despacho o envi\u00e1ndome un email y vemos c\u00f3mo podemos trabajar juntos.<\/p>\n<p><strong>Tel\u00e9fono<\/strong>: (+34) 915.777.488<\/p>\n<p><strong>Email<\/strong>: andyramos@bardajihonrado.com<\/p>\n<p><strong>Direcci\u00f3n<\/strong>: Calle Zurbano 73 &#8211; 5 Dcha &#8211; Madrid (Espa\u00f1a)<\/p>\n\n<div class=\"twitter-share\"><a href=\"https:\/\/twitter.com\/intent\/tweet?via=andyramosgil\" class=\"twitter-share-button\">Twittear<\/a><\/div>\n","protected":false},"excerpt":{"rendered":"<p>Estar\u00e9 encantado de hablar contigo, pero debes tener en cuenta que no resuelvo dudas ni cuestiones que puedan tener una&#8230;<\/p>\n","protected":false},"author":1,"featured_media":0,"parent":0,"menu_order":0,"comment_status":"closed","ping_status":"closed","template":"","meta":{"footnotes":""},"_links":{"self":[{"href":"https:\/\/www.interiuris.com\/blog\/wp-json\/wp\/v2\/pages\/1174"}],"collection":[{"href":"https:\/\/www.interiuris.com\/blog\/wp-json\/wp\/v2\/pages"}],"about":[{"href":"https:\/\/www.interiuris.com\/blog\/wp-json\/wp\/v2\/types\/page"}],"author":[{"embeddable":true,"href":"https:\/\/www.interiuris.com\/blog\/wp-json\/wp\/v2\/users\/1"}],"replies":[{"embeddable":true,"href":"https:\/\/www.interiuris.com\/blog\/wp-json\/wp\/v2\/comments?post=1174"}],"version-history":[{"count":4,"href":"https:\/\/www.interiuris.com\/blog\/wp-json\/wp\/v2\/pages\/1174\/revisions"}],"predecessor-version":[{"id":1181,"href":"https:\/\/www.interiuris.com\/blog\/wp-json\/wp\/v2\/pages\/1174\/revisions\/1181"}],"wp:attachment":[{"href":"https:\/\/www.interiuris.com\/blog\/wp-json\/wp\/v2\/media?parent=1174"}],"curies":[{"name":"wp","href":"https:\/\/api.w.org\/{rel}","templated":true}]}}